{"id":38,"date":"2017-05-12T15:26:24","date_gmt":"2017-05-12T15:26:24","guid":{"rendered":"http:\/\/themeforest.unitedthemes.com\/wpversions\/brooklyn\/demo24\/?page_id=38"},"modified":"2026-01-14T20:24:41","modified_gmt":"2026-01-14T19:24:41","slug":"about","status":"publish","type":"page","link":"https:\/\/achimbieniek.com\/?page_id=38","title":{"rendered":"Bio &#038; Kunden"},"content":{"rendered":"<div class=\"wpb-content-wrapper\"><p>[vc_section][vc_row equal_height=&#8220;yes&#8220; content_placement=&#8220;top&#8220;][vc_column width=&#8220;1\/2&#8243;]<div  class=\"wpb_content_element   clearfix\"><style type=\"text\/css\">#ut_am_69e745b575513 { opacity: 1; }#ut_am_wrap_69e745b575515 .ut-image-gallery-item-caption-title h3 { letter-spacing: 0em; }#ut_am_wrap_69e745b575515 .ut-gallery-slider-caption { font-weight: bold; }#ut_am_wrap_69e745b575515 { text-align: left; }@media (min-width: 768px) and (max-width: 1024px) { #ut_am_wrap_69e745b575515 { text-align: left !important; } }@media (max-width: 767px) { #ut_am_wrap_69e745b575515 { text-align: center !important; } }<\/style><div id=\"ut_am_wrap_69e745b575515\" class=\"ut-image-gallery-image \"><div id=\"ut_reveal_69e745b575517\"  data-appear-top-offset=\"auto\" class=\"ut-animated-image-item ut-image-gallery-item ut-animation-done \"><a class=\"ut-deactivated-link\" href=\"#\"><div class=\"ut-box-shadow-container ut-box-shadow-2\"><div class=\"ut-box-shadow-container-inner\"><\/div><\/div><div class=\"ut-animated-image-zoom\"><img loading=\"lazy\" decoding=\"async\" class=\"ut-lazy skip-lazy ut-animated-image \"  id=\"ut_am_69e745b575513\" src=\"data:image\/svg+xml;charset=utf-8,%3Csvg xmlns%3D'http%3A%2F%2Fwww.w3.org%2F2000%2Fsvg' viewBox%3D'0 0 350 366'%2F%3E\" data-src=\"https:\/\/achimbieniek.com\/wp-content\/uploads\/2026\/01\/about.jpg\" width=\"350\" height=\"366\" alt=\"\"\/><\/div><\/a><\/div><\/div><\/div><div class=\"wpb_content_element \"><span id=\"ut_fancy_link_69e745b5755ed\" class=\"cta-btn cl-effect-18 \"><a  class=\"cl-effect-18 \" title=\"\" target=\"_self\" href=\"#\" ><\/a><\/span><\/div>[\/vc_column][vc_column width=&#8220;1\/2&#8243;]<div class=\"wpb_content_element \"><style type=\"text\/css\">#ut_fancy_link_69e745b575640 a { font-weight:normal; }#ut_fancy_link_69e745b575640 a { text-transform:lowercase; }<\/style><span id=\"ut_fancy_link_69e745b575640\" class=\"cta-btn cl-effect-18 \"><a  class=\"cl-effect-18 \" title=\"bio &amp; clients\" target=\"_self\" href=\"https:\/\/achimbieniek.com\/?page_id=495\" >english<\/a><\/span><\/div><div class=\"wpb_content_element \"><style type=\"text\/css\">#ut_header_69e745b575c67 h2.section-title { font-size:40px !important; }<\/style><header id=\"ut_header_69e745b575c67\" class=\"section-header  ut-no-title-linebreak-mobile ut-no-lead-linebreak-mobile pt-style-7 header-left header-tablet-left header-mobile-center\"><div data-delay=\"0\" class=\"lead \"><p>Achim Bieniek begann seine fotografische Laufbahn 1995 mit einer Fotolehre im Fotostudio Bischof und Broel in N\u00fcrnberg.<br \/>\nDie Schwerpunkte seiner Ausbildung lagen auf industrieller -, sowie werblicher Fotografie.<br \/>\nEs folgte ein Jahr Fotoassistenz im Studio RO in F\u00fcrth in dem haupts\u00e4chlich Stills f\u00fcr Firmen wie Faber Castell, sowie Mode, M\u00f6bel und Menschen f\u00fcr Kataloge in Studioproduktion abgelichtet wurden. Die inszenierte und konzeptionelle Herangehensweise dieser Bereiche ist bis heute eine Leidenschaft des Fotografen geblieben, der durchdachte Umgang mit Licht liegt hier im Zentrum seiner Arbeit.<br \/>\n1996 zog es ihn ins Ausland nach Wien, wo er als Assistent f\u00fcr Curt Themessl zu arbeiten begann. Ein Jahr sp\u00e4ter machte er sich selbst\u00e4ndig und startete als Fotograf bei der Nachrichtenagentur REUTERS, f\u00fcr die er bis ins Jahr 2000 t\u00e4tig war.<br \/>\nVon 2000 bis 2002 arbeitete er beim Wochenmagazin NEWS, danach bis 2007 bei FORMAT. F\u00fcr beide Magazine fotografierte er quer durch die Resorts Politik, Wirtschaft, Kultur, Chronik, Sport und Leute. Portraits und Reportagen, sowie werbliche Sujets geh\u00f6ren seit dieser Zeit zu seinen Schwerpunkten.<br \/>\nHeute z\u00e4hlen Fotoserien f\u00fcr Firmen und Institutionen wie Siemens, die \u00f6sterreichischen Lotterien oder den Verfassungsgerichtshof, sowie die Arbeit f\u00fcr Verlage und Agenturen wie das Red Bull Media House, Publicis oder Gruner + Jahr zu seinen Auftr\u00e4gen.<br \/>\nDie Freude an der Arbeit mit Menschen, sowie die dazugeh\u00f6rige Sensibilit\u00e4t f\u00fcr das Gegen\u00fcber, Spontaneit\u00e4t und Spa\u00df geh\u00f6ren zu jeder seiner Produktionen.<\/p>\n<\/div><\/header><\/div><style type=\"text\/css\">#ut_custom_heading69e745b57aaa3 { color:#ff1654; }#ut_custom_heading69e745b57aaa3 { font-size:17px !important; }#ut_custom_heading69e745b57aaa3 { text-align:left; }@media (min-width: 768px) and (max-width: 1024px) { #ut_custom_heading69e745b57aaa3 { text-align:left; } }@media (max-width: 767px) { #ut_custom_heading69e745b57aaa3 { text-align:left; } }<\/style><h6 id=\"ut_custom_heading69e745b57aaa3\" data-responsive-font=\"h6\" data-responsive-font-settings=\"{&quot;base-font-size&quot;:&quot;17&quot;,&quot;font-size-unit&quot;:&quot;px&quot;,&quot;font-size&quot;:{&quot;desktop_large&quot;:&quot;17&quot;},&quot;base-line-height&quot;:&quot;global&quot;,&quot;base-letter-spacing&quot;:&quot;global&quot;}\" class=\"ut-custom-heading-module  \" ><span class=\"\" >Kunden<\/span><\/h6><div class=\"wpb_content_element \"><style type=\"text\/css\">#ut_header_69e745b57aec4 h2.section-title { font-size:40px !important; }<\/style><header id=\"ut_header_69e745b57aec4\" class=\"section-header  ut-no-title-linebreak-mobile ut-no-lead-linebreak-mobile pt-style-7 header-left header-tablet-left header-mobile-center\"><div data-delay=\"0\" class=\"lead \"><p>Ver\u00f6ffentlichungen<br \/>\nBerliner Morgenpost, Bild, Bick, B\u00fchne, Corriere Della Sera, Der Spiegel, Die Presse, Die Zeit, Dolomiten, El Pais, Facts, Falter, Falstaff, Financial Times, Focus, Format, Herald Tribune, Hitech, Kleine Zeitung, Kurier, La Repubblica, Mail On Sunday, News, Profil, Red Bulletin, Salzburger Nachrichten, Seitenblicke Magazin, Servus, Sportwoche, Standard, S\u00fcddeutsche Zeitung, Tages Anzeiger, Telegraph, The Guardian, The Herald, The Times, Washington Post, Welt am Sonntag<br \/>\nWerbung<br \/>\nADAC, BACA, Belvedere, Biennale Venezia, Carpe Diem, Casinos Austria, DHL, Doppelmayr, Georg Fischer, Kapsch, Lotterien, MAN, Mazda, Nokia, Post, Rabenhof Theater, Red Bull, Ruftec, Siemens, Telekom, Theater an der Wien, T\u00dcV-S\u00fcd, UEFA, Verfassungsgerichtshof, Voith, WABAG, WKO, Wolford<br \/>\nAgenturen<br \/>\nAPA, C3, Page Seven Images, Publicis, Reuters, Uniplan<\/p>\n<\/div><\/header><\/div>[\/vc_column][\/vc_row][\/vc_section]<\/p>\n<\/div>","protected":false},"excerpt":{"rendered":"<p>[vc_section][vc_row equal_height=&#8220;yes&#8220; content_placement=&#8220;top&#8220;][vc_column width=&#8220;1\/2&#8243;][\/vc_column][vc_column width=&#8220;1\/2&#8243;][\/vc_column][\/vc_row][\/vc_section]<\/p>\n","protected":false},"author":1,"featured_media":0,"parent":0,"menu_order":0,"comment_status":"closed","ping_status":"closed","template":"","meta":{"footnotes":""},"class_list":["post-38","page","type-page","status-publish","hentry"],"_links":{"self":[{"href":"https:\/\/achimbieniek.com\/index.php?rest_route=\/wp\/v2\/pages\/38","targetHints":{"allow":["GET"]}}],"collection":[{"href":"https:\/\/achimbieniek.com\/index.php?rest_route=\/wp\/v2\/pages"}],"about":[{"href":"https:\/\/achimbieniek.com\/index.php?rest_route=\/wp\/v2\/types\/page"}],"author":[{"embeddable":true,"href":"https:\/\/achimbieniek.com\/index.php?rest_route=\/wp\/v2\/users\/1"}],"replies":[{"embeddable":true,"href":"https:\/\/achimbieniek.com\/index.php?rest_route=%2Fwp%2Fv2%2Fcomments&post=38"}],"version-history":[{"count":26,"href":"https:\/\/achimbieniek.com\/index.php?rest_route=\/wp\/v2\/pages\/38\/revisions"}],"predecessor-version":[{"id":548,"href":"https:\/\/achimbieniek.com\/index.php?rest_route=\/wp\/v2\/pages\/38\/revisions\/548"}],"wp:attachment":[{"href":"https:\/\/achimbieniek.com\/index.php?rest_route=%2Fwp%2Fv2%2Fmedia&parent=38"}],"curies":[{"name":"wp","href":"https:\/\/api.w.org\/{rel}","templated":true}]}}